{"id":101,"date":"2024-03-08T08:41:45","date_gmt":"2024-03-08T08:41:45","guid":{"rendered":"https:\/\/giriosistorijos.lt\/?page_id=101"},"modified":"2025-10-07T07:29:16","modified_gmt":"2025-10-07T07:29:16","slug":"kontaktai","status":"publish","type":"page","link":"https:\/\/giriosistorijos.lt\/?page_id=101","title":{"rendered":"Kontaktai"},"content":{"rendered":"\n<p><strong>Rekvizitai:<\/strong><\/p>\n\n\n\n<p>MB LSRD projects<\/p>\n\n\n\n<p>\u012emon\u0117s kodas: 307412194<\/p>\n\n\n\n<p>LT107300010197315142<\/p>\n\n\n\n<p>Tel. nr. +370 616 55744<\/p>\n\n\n\n<p>El. p. info@giriosistorijos.lt<\/p>\n\n\n\n<p>\u0160iltnami\u0173 g. 24, Noreiki\u0161ki\u0173 k., LT-53365 Kauno r.<\/p>\n\n\n\n<figure class=\"wp-block-image size-full is-resized\"><img loading=\"lazy\" decoding=\"async\" width=\"367\" height=\"398\" src=\"http:\/\/giriosistorijos.lt\/wp-content\/uploads\/2025\/10\/cropped-logo_girios_istorijos_png-removebg-preview.png\" alt=\"\" class=\"wp-image-306\" style=\"width:174px;height:auto\" srcset=\"https:\/\/giriosistorijos.lt\/wp-content\/uploads\/2025\/10\/cropped-logo_girios_istorijos_png-removebg-preview.png 367w, https:\/\/giriosistorijos.lt\/wp-content\/uploads\/2025\/10\/cropped-logo_girios_istorijos_png-removebg-preview-277x300.png 277w\" sizes=\"auto, (max-width: 367px) 100vw, 367px\" \/><\/figure>\n\n\n\n<p><strong>Susisiekite su mumis:<\/strong><\/p>\n\n\n<div class=\"wp-block-jetpack-contact-form\"><a href=\"https:\/\/giriosistorijos.lt\/?page_id=101\" target=\"_blank\" rel=\"noopener noreferrer\">Submit a form.<\/a><\/div>","protected":false},"excerpt":{"rendered":"<p>Rekvizitai: MB LSRD projects \u012emon\u0117s kodas: 307412194 LT107300010197315142 Tel. nr. +370 616 55744 El. p. info@giriosistorijos.lt \u0160iltnami\u0173 g. 24, Noreiki\u0161ki\u0173 k., LT-53365 Kauno r. Susisiekite su mumis:<\/p>\n","protected":false},"author":1,"featured_media":0,"parent":0,"menu_order":0,"comment_status":"closed","ping_status":"closed","template":"","meta":{"om_disable_all_campaigns":false,"_monsterinsights_skip_tracking":false,"_monsterinsights_sitenote_active":false,"_monsterinsights_sitenote_note":"","_monsterinsights_sitenote_category":0,"_uf_show_specific_survey":0,"_uf_disable_surveys":false,"_kad_post_transparent":"","_kad_post_title":"","_kad_post_layout":"","_kad_post_sidebar_id":"","_kad_post_content_style":"","_kad_post_vertical_padding":"","_kad_post_feature":"","_kad_post_feature_position":"","_kad_post_header":false,"_kad_post_footer":false,"footnotes":""},"class_list":["post-101","page","type-page","status-publish","hentry"],"aioseo_notices":[],"jetpack_sharing_enabled":true,"_links":{"self":[{"href":"https:\/\/giriosistorijos.lt\/index.php?rest_route=\/wp\/v2\/pages\/101","targetHints":{"allow":["GET"]}}],"collection":[{"href":"https:\/\/giriosistorijos.lt\/index.php?rest_route=\/wp\/v2\/pages"}],"about":[{"href":"https:\/\/giriosistorijos.lt\/index.php?rest_route=\/wp\/v2\/types\/page"}],"author":[{"embeddable":true,"href":"https:\/\/giriosistorijos.lt\/index.php?rest_route=\/wp\/v2\/users\/1"}],"replies":[{"embeddable":true,"href":"https:\/\/giriosistorijos.lt\/index.php?rest_route=%2Fwp%2Fv2%2Fcomments&post=101"}],"version-history":[{"count":8,"href":"https:\/\/giriosistorijos.lt\/index.php?rest_route=\/wp\/v2\/pages\/101\/revisions"}],"predecessor-version":[{"id":324,"href":"https:\/\/giriosistorijos.lt\/index.php?rest_route=\/wp\/v2\/pages\/101\/revisions\/324"}],"wp:attachment":[{"href":"https:\/\/giriosistorijos.lt\/index.php?rest_route=%2Fwp%2Fv2%2Fmedia&parent=101"}],"curies":[{"name":"wp","href":"https:\/\/api.w.org\/{rel}","templated":true}]}}